25
Calculate the highest common divisor of 344 and 301.
43
What is the highest common divisor of 4707 and 117?
9
What is the highest common divisor of 946 and 154?
22
What is the greatest common divisor of 155 and 31?
31
What is the greatest common factor of 42 and 609?
21
Calculate the highest common divisor of 3139 and 73.
73
What is the highest common factor of 6 and 142?
2
Calculate the highest common divisor of 4186 and 92.
46
Calculate the highest common factor of 5124 and 21.
21
What is the highest common divisor of 1809 and 27?
27
Calculate the highest common factor of 11 and 1980.
11
What is the highest common factor of 8 and 344?
8
What is the greatest common factor of 1250 and 200?
50
Calculate the highest common divisor of 1113 and 57.
3
Calculate the highest common factor of 68353 and 29.
29
Calculate the highest common divisor of 570 and 90.
30
Calculate the greatest common factor of 65 and 52.
13
Calculate the highest common factor of 119782 and 17.
17
Calculate the highest common divisor of 86 and 43.
43
Calculate the greatest common divisor of 35 and 250.
5
What is the highest common factor of 30058 and 226?
226
What is the greatest common divisor of 5952 and 279?
93
What is the highest common factor of 43 and 129?
43
What is the highest common factor of 18 and 114?
6
What is the greatest common factor of 6888 and 8?
8
What is the greatest common factor of 2043 and 9?
9
What is the greatest common divisor of 42 and 462?
42
Calculate the greatest common divisor of 330 and 60.
30
What is the greatest common divisor of 63 and 39?
3
What is the highest common factor of 372 and 12772?
124
What is the highest common factor of 26 and 4303?
13
What is the greatest common divisor of 105 and 4215?
15
Calculate the highest common factor of 1508 and 130.
26
Calculate the highest common divisor of 13051 and 31.
31
Calculate the greatest common factor of 425 and 17.
17
Calculate the greatest common factor of 35 and 1043.
7
What is the highest common divisor of 32 and 248?
8
Calculate the highest common factor of 4 and 4.
4
Calculate the greatest common divisor of 24 and 3.
3
What is the greatest common divisor of 63 and 36?
9
Calculate the greatest common factor of 100 and 25.
25
Calculate the greatest common factor of 5 and 215.
5
Calculate the greatest common factor of 675 and 600.
75
Calculate the greatest common divisor of 634 and 42161.
317
Calculate the highest common factor of 24 and 160.
8
Calculate the greatest common divisor of 83 and 9.
1
What is the highest common factor of 12 and 12384?
12
What is the highest common divisor of 9 and 723?
3
Calculate the greatest common divisor of 62 and 8.
2
Calculate the highest common divisor of 26 and 1066.
26
Calculate the highest common factor of 35 and 35.
35
What is the highest common divisor of 162 and 5913?
81
What is the greatest common divisor of 79739 and 121?
121
What is the greatest common divisor of 86 and 6106?
86
What is the highest common factor of 168 and 357?
21
What is the greatest common divisor of 3155 and 40?
5
What is the greatest common factor of 9 and 8?
1
What is the greatest common divisor of 3655 and 170?
85
Calculate the greatest common factor of 3860 and 20.
20
Calculate the greatest common factor of 1552 and 291.
97
What is the greatest common divisor of 392 and 40?
8
Calculate the greatest common divisor of 3483 and 3.
3
Calculate the greatest common divisor of 7 and 3087.
7
Calculate the highest common divisor of 2450 and 50.
50
What is the greatest common divisor of 8991 and 37?
37
What is the highest common divisor of 1273 and 57?
19
Calculate the greatest common factor of 292 and 36.
4
Calculate the highest common divisor of 72 and 192.
24
Calculate the highest common divisor of 325 and 13.
13
Calculate the greatest common divisor of 4260 and 120.
60
What is the highest common factor of 113 and 1243?
113
Calculate the greatest common factor of 1255 and 6777.
251
What is the highest common factor of 304 and 20368?
304
Calculate the highest common factor of 6 and 1224.
6
What is the highest common divisor of 1155 and 140?
35
What is the greatest common divisor of 721 and 1751?
103
Calculate the greatest common factor of 972 and 96.
12
Calculate the greatest common divisor of 25 and 1.
1
Calculate the highest common divisor of 1748 and 184.
92
What is the greatest common divisor of 20 and 37780?
20
What is the greatest common factor of 126 and 434?
14
Calculate the greatest common factor of 552 and 18.
6
Calculate the highest common factor of 880 and 330.
110
Calculate the greatest common divisor of 110 and 902.
22
What is the highest common divisor of 476 and 29750?
238
What is the greatest common factor of 200 and 3075?
25
Calculate the greatest common divisor of 1032 and 430.
86
What is the highest common factor of 236 and 17818?
118
Calculate the highest common divisor of 222 and 962.
74
What is the highest common factor of 240 and 16?
16
Calculate the highest common factor of 100 and 140.
20
Calculate the greatest common factor of 80 and 64.
16
What is the highest common factor of 79 and 1343?
79
What is the greatest common divisor of 198 and 36?
18
Calculate the highest common divisor of 81 and 1377.
81
Calculate the highest common divisor of 39 and 403.
13
Calculate the highest common divisor of 22 and 374.
22
What is the highest common divisor of 3210 and 330?
30
What is the highest common divisor of 13 and 24037?
13
Calculate the highest common divisor of 400 and 2192.
16
What is the greatest common factor of 72 and 2358?
18
Calculate the highest common factor of 11776 and 46.
46
Calculate the highest common divisor of 10 and 1.
1
Calculate the highest common factor of 108 and 4.
4
Calculate the greatest common divisor of 100 and 12100.
100
What is the highest common factor of 12551 and 11?
11
Calculate the greatest common factor of 1377 and 243.
81
Calculate the highest common factor of 1586 and 26.
26
Calculate the highest common divisor of 7 and 49.
7
What is the highest common factor of 76 and 1588?
4
What is the greatest common factor of 1672 and 1232?
88
Calculate the highest common divisor of 19 and 190.
19
What is the greatest common divisor of 118 and 51094?
118
Calculate the highest common divisor of 511 and 14.
7
What is the greatest common divisor of 2288 and 143?
143
Calculate the highest common divisor of 988 and 228.
76
What is the highest common factor of 147 and 189?
21
Calculate the greatest common divisor of 13 and 637.
13
Calculate the highest common factor of 110 and 66.
22
Calculate the greatest common divisor of 644 and 4025.
161
What is the greatest common factor of 10409 and 35?
7
What is the greatest common factor of 55 and 3025?
55
What is the highest common divisor of 736 and 23?
23
What is the greatest common divisor of 96 and 372?
12
Calculate the greatest common divisor of 10 and 10050.
10
Calculate the highest common factor of 49 and 784.
49
Calculate the greatest common divisor of 91 and 481.
13
Calculate the greatest common divisor of 55 and 5445.
55
What is the highest common factor of 21 and 96?
3
What is the highest common factor of 5 and 730?
5
Calculate the greatest common factor of 936 and 72.
72
What is the greatest common divisor of 268 and 4?
4
Calculate the highest common factor of 28 and 20.
4
Calculate the highest common factor of 432 and 108.
108
Calculate the highest common divisor of 30 and 13290.
30
Calculate the greatest common factor of 57 and 3515.
19
What is the highest common divisor of 225 and 100?
25
What is the greatest common divisor of 11 and 7?
1
What is the greatest common factor of 8604 and 612?
36
Calculate the highest common divisor of 59 and 118.
59
What is the highest common factor of 72 and 6624?
72
What is the highest common factor of 407 and 22?
11
What is the highest common factor of 166 and 8383?
83
Calculate the greatest common divisor of 30 and 570.
30
Calculate the greatest common factor of 5 and 13355.
5
Calculate the greatest common factor of 370 and 74.
74
What is the highest common divisor of 21 and 399?
21
Calculate the highest common factor of 56 and 1624.
56
Calculate the greatest common divisor of 400 and 88.
8
Calculate the highest common divisor of 180 and 72.
36